
Is 2931611737 a prime number?
False
Is 7613446663 prime?
False
Is 1823340377 prime?
False
Is 1327823767 composite?
True
Is 6440491751 a composite number?
False
Is 105736035989 composite?
False
Is 57388906387 composite?
True
Is 494386559 composite?
True
Is 921635639 prime?
True
Is 621328613 a composite number?
True
Is 2050802053 prime?
False
Is 11915159 a composite number?
False
Is 1614264217 a prime number?
True
Is 953447 composite?
True
Is 1790264887 prime?
True
Is 3563960723 a composite number?
False
Is 30185232571 composite?
True
Is 17920753649 prime?
False
Is 3464128043 a composite number?
True
Is 27367947383 prime?
False
Is 1602659521 composite?
True
Is 214298437 composite?
True
Is 2820589537 composite?
True
Is 10324813061 a prime number?
True
Is 1155389869 composite?
False
Is 75045767 prime?
False
Is 112935188359 composite?
True
Is 1204473643 composite?
False
Is 76780703 composite?
True
Is 173513337637 composite?
False
Is 708012281 prime?
True
Is 4123087811 prime?
True
Is 717799837 composite?
False
Is 11667534917 prime?
True
Is 16393598681 a composite number?
False
Is 3790466341 a prime number?
True
Is 21792183353 a composite number?
False
Is 10833850823 prime?
False
Is 15581740639 a composite number?
False
Is 310951673 prime?
True
Is 640676353 a composite number?
False
Is 3553057 a composite number?
True
Is 2990965181 a composite number?
False
Is 2122831993 a composite number?
False
Is 3473139337 prime?
True
Is 443969579 composite?
False
Is 23095329349 a composite number?
True
Is 11477529521 a prime number?
False
Is 106760049447 prime?
False
Is 3168942407 prime?
False
Is 528746927 composite?
False
Is 2050668691 composite?
True
Is 173900647 prime?
True
Is 783391517 a prime number?
False
Is 2007838313 a prime number?
False
Is 858283753 a prime number?
False
Is 3971039749 composite?
True
Is 4472886799 prime?
False
Is 2049088213 composite?
False
Is 6875513273 a prime number?
True
Is 855711817 composite?
True
Is 4183275109 prime?
False
Is 16349061161 a prime number?
False
Is 161260303 a composite number?
True
Is 547019061 a prime number?
False
Is 2736220451 a composite number?
True
Is 293094091 prime?
True
Is 2978977013 a composite number?
True
Is 333503831 composite?
False
Is 189023719 composite?
False
Is 29462372497 a prime number?
False
Is 1983393701 composite?
False
Is 82918987 a prime number?
True
Is 12167423533 prime?
False
Is 1658797561 prime?
True
Is 776613917 prime?
True
Is 245791986611 a composite number?
True
Is 1225840703 a composite number?
True
Is 3613399787 prime?
True
Is 78602998031 composite?
False
Is 18570094 prime?
False
Is 22216228753 composite?
False
Is 5760633083 a prime number?
False
Is 936740009 composite?
False
Is 2015196787 prime?
True
Is 2647717837 a composite number?
False
Is 5251599749 a prime number?
False
Is 171282431 composite?
False
Is 1161943583 a composite number?
True
Is 18147089369 prime?
True
Is 34291306723 prime?
False
Is 9010244081 a composite number?
True
Is 4130259347 prime?
False
Is 94533623 prime?
True
Is 25359225347 composite?
False
Is 550463633 a prime number?
True
Is 3970766834 a prime number?
False
Is 30068293763 a prime number?
False
Is 46979077403 a prime number?
False
Is 94488811639 prime?
True
Is 41703976903 prime?
False
Is 67573821143 a composite number?
False
Is 603181717 a prime number?
True
Is 23183685211 a prime number?
False
Is 1319035819 a composite number?
True
Is 319426067 prime?
False
Is 4504695451 composite?
False
Is 2008890707 composite?
True
Is 47071455857 a composite number?
True
Is 1423000603 prime?
True
Is 526469369 a composite number?
False
Is 44088609329 composite?
True
Is 19938484609 prime?
False
Is 5197535997 a prime number?
False
Is 18223703 prime?
True
Is 4893300889 a prime number?
True
Is 7109462203 composite?
True
Is 476348669 a prime number?
True
Is 786084469 prime?
False
Is 2438309249 a prime number?
True
Is 71487214573 a prime number?
False
Is 2173619317 a prime number?
False
Is 418551596335 a composite number?
True
Is 4868056117 prime?
False
Is 673369159 a prime number?
True
Is 25750930207 composite?
False
Is 21836031229 composite?
True
Is 21334372321 a composite number?
False
Is 469926001 prime?
True
Is 385318166 composite?
True
Is 10251245119 composite?
True
Is 9097899719 composite?
False
Is 247809973 a composite number?
True
Is 1505660939 prime?
True
Is 37652845049 prime?
False
Is 341704871 prime?
False
Is 29878731214 composite?
True
Is 1304952193 composite?
True
Is 797036627 a composite number?
False
Is 4612006277 prime?
False
Is 3209864657 composite?
True
Is 892554143 a composite number?
True
Is 9538953101 prime?
True
Is 1270028323 composite?
False
Is 654264407 a composite number?
False
Is 2651399809 a composite number?
False
Is 6375884981 a prime number?
False
Is 294551314 prime?
False
Is 7568512286 composite?
True
Is 9019090559 prime?
True
Is 2382842195 composite?
True
Is 41776519 composite?
False
Is 1584836086 prime?
False
Is 8702565317 a composite number?
False
Is 1440933337 a prime number?
True
Is 148236183431 a prime number?
False
Is 46030589079 a prime number?
False
Is 1461769 prime?
True
Is 1857298981 a prime number?
False
Is 2322956941 a composite number?
True
Is 554302619 a prime number?
False
Is 366193315897 a prime number?
False
Is 47821612921 a composite number?
False
Is 2873591102 a prime number?
False
Is 15005588387 a composite number?
False
Is 511475213 composite?
False
Is 166581516065 a prime number?
False
Is 217057879 prime?
False
Is 242707727 a composite number?
False
Is 24106643069 prime?
True
Is 3479053107 composite?
True
Is 6763290719 a composite number?
False
Is 170975697709 a composite number?
True
Is 16118357617 a prime number?
False
Is 78227945041 composite?
True
Is 11333670599 a composite number?
True
Is 1636231049 prime?
True
Is 200280557 prime?
True
Is 1217321459 a prime number?
False
Is 3198475382 a composite number?
True
Is 873681517 a composite number?
False
Is 7385303 a composite number?
True
Is 6219925421 a prime number?
True
Is 1501809949 a prime number?
False
Is 7300113823 a prime number?
False
Is 1379800126 prime?
False
Is 872416031 prime?
True
Is 2123359613 a prime number?
False
Is 17766805391 prime?
True
Is 4051620539 a composite number?
False
Is 1905301127 a prime number?
False
Is 8006192053 prime?
False
Is 158219329 a prime number?
True
Is 18286458947 a prime number?
False
Is 13434133291 prime?
True
Is 71762571637 a composite number?
True
Is 3984928903 composite?
True
Is 147611143 a prime number?
False
Is 16371747299 prime?
False
Is 31181419483 composite?
True
Is 159137237 prime?
False
Is 338144987 composite?
True
Is 65988179807 a composite number?
True
Is 13504538111 composite?
False
Is 32591381 a composite number?
True
Is 146573327893 a prime number?
False
Is 4576610917 prime?
True
Is 698180369 a composite number?
False
Is 220570729 composite?
False
Is 5803831259 composite?
True
Is 2272045541 a composite number?
False
Is 103170070001 a prime number?
True
Is 789199003 a prime number?
False
Is 2153265141 composite?
True
Is 5146027703 a composite number?
False
Is 43846132387 a prime number?
True
Is 17124558491 a prime number?
True
Is 9630458489 a prime number?
True
Is 2898319753 a prime number?
False
Is 4239816487 composite?
True
Is 190397555147 a prime number?
True
Is 1374133907 composite?
True
Is 276238087 prime?
False
Is 175680221 a prime number?
True
Is 653054673 composite?
True
Is 1644538811 a prime number?
True
Is 1196830003 composite?
True
Is 271292134 composite?
True
Is 131081557 prime?
True
Is 83736259 prime?
True
Is 131343031 a prime number?
True
Is 14251716503 composite?
True
Is 5619600413 a prime number?
False
Is 5379930709 composite?
False
Is 294149039 composite?
False
Is 2944877093 a composite number?
False
Is 16959462119 prime?
True
Is 5143731337 composite?
True
Is 9312481457 a prime number?
False
Is 45844621 composite?
True
Is 1328686031 composite?
False
Is 2783135437 prime?
True
Is 17989651133 a prime number?
True
Is 1515578081 composite?
False
Is 214789763 composite?
False
Is 54680642959 prime?
True
Is 35594586067 a composite number?
True
Is 15008325335 prime?
False
Is 11972553895 a prime number?
False
Is 4801697239 prime?
True
Is 49645835857 prime?
False
Is 16504883701 a composite number?
False